
3
What is the thousands digit of 3831412?
1
What is the hundreds digit of 17808233?
2
What is the hundreds digit of 12389034?
0
What is the units digit of 440974?
4
What is the thousands digit of 93346?
3
What is the hundreds digit of 505184?
1
What is the hundreds digit of 1645796?
7
What is the hundred thousands digit of 269223?
2
What is the hundred thousands digit of 1120952?
1
What is the units digit of 19695732?
2
What is the hundred thousands digit of 23879494?
8
What is the ten thousands digit of 3091599?
9
What is the thousands digit of 277237?
7
What is the ten millions digit of 28591087?
2
What is the tens digit of 6927870?
7
What is the thousands digit of 9071919?
1
What is the millions digit of 8672386?
8
What is the units digit of 210221?
1
What is the units digit of 1551406?
6
What is the millions digit of 2608847?
2
What is the thousands digit of 17756992?
6
What is the units digit of 134077?
7
What is the thousands digit of 162190?
2
What is the hundred thousands digit of 9646883?
6
What is the thousands digit of 26277?
6
What is the tens digit of 55650?
5
What is the thousands digit of 1999065?
9
What is the hundreds digit of 25035?
0
What is the thousands digit of 6499305?
9
What is the tens digit of 147178?
7
What is the ten millions digit of 22071021?
2
What is the hundred thousands digit of 171334?
1
What is the ten thousands digit of 17962308?
6
What is the hundreds digit of 525254?
2
What is the hundred thousands digit of 6759632?
7
What is the units digit of 772081?
1
What is the hundred thousands digit of 5667693?
6
What is the thousands digit of 72021?
2
What is the thousands digit of 1738794?
8
What is the hundreds digit of 1260748?
7
What is the hundred thousands digit of 12004201?
0
What is the thousands digit of 757183?
7
What is the millions digit of 8073412?
8
What is the thousands digit of 695878?
5
What is the tens digit of 61174?
7
What is the units digit of 2169436?
6
What is the tens digit of 350712?
1
What is the thousands digit of 397933?
7
What is the thousands digit of 41268477?
8
What is the units digit of 148202?
2
What is the hundred thousands digit of 383259?
3
What is the millions digit of 5959561?
5
What is the tens digit of 42735?
3
What is the hundreds digit of 180980?
9
What is the units digit of 1018788?
8
What is the hundred thousands digit of 2004338?
0
What is the hundreds digit of 423332?
3
What is the tens digit of 101356?
5
What is the ten thousands digit of 4549578?
4
What is the hundreds digit of 142949?
9
What is the thousands digit of 150694?
0
What is the ten thousands digit of 306187?
0
What is the thousands digit of 6881845?
1
What is the units digit of 4873801?
1
What is the units digit of 4388837?
7
What is the tens digit of 18412?
1
What is the millions digit of 14035806?
4
What is the hundred thousands digit of 1846595?
8
What is the tens digit of 212297?
9
What is the hundreds digit of 710839?
8
What is the ten thousands digit of 13393093?
9
What is the ten millions digit of 15743336?
1
What is the thousands digit of 191254?
1
What is the ten thousands digit of 337651?
3
What is the ten thousands digit of 12328267?
2
What is the units digit of 1067464?
4
What is the tens digit of 504461?
6
What is the hundreds digit of 12483183?
1
What is the tens digit of 22230477?
7
What is the ten thousands digit of 457673?
5
What is the hundred thousands digit of 1853222?
8
What is the ten thousands digit of 200530?
0
What is the hundred thousands digit of 326413?
3
What is the ten thousands digit of 18726104?
2
What is the hundreds digit of 105780?
7
What is the ten thousands digit of 14370219?
7
What is the millions digit of 10864543?
0
What is the tens digit of 3346609?
0
What is the hundred thousands digit of 950909?
9
What is the hundreds digit of 8746776?
7
What is the ten thousands digit of 2954981?
5
What is the hundreds digit of 45439?
4
What is the ten thousands digit of 10484694?
8
What is the ten thousands digit of 127869?
2
What is the units digit of 1507349?
9
What is the tens digit of 12801053?
5
What is the millions digit of 9436404?
9
What is the tens digit of 3050016?
1
What is the hundred thousands digit of 655025?
6
What is the tens digit of 91859?
5
What is the tens digit of 1210548?
4
What is the thousands digit of 530258?
0
What is the hundreds digit of 1211353?
3
What is the thousands digit of 2478132?
8
What is the thousands digit of 223091?
3
What is the units digit of 3935162?
2
What is the units digit of 221936?
6
What is the thousands digit of 109551?
9
What is the hundreds digit of 1472732?
7
What is the thousands digit of 12150?
2
What is the tens digit of 38800168?
6
What is the units digit of 934404?
4
What is the tens digit of 1812514?
1
What is the ten thousands digit of 30734727?
3
What is the hundreds digit of 52367?
3
What is the hundred thousands digit of 1999473?
9
What is the thousands digit of 136931?
6
What is the hundreds digit of 910332?
3
What is the ten thousands digit of 2137079?
3
What is the ten thousands digit of 506279?
0
What is the thousands digit of 281104?
1
What is the hundreds digit of 658320?
3
What is the hundred thousands digit of 372781?
3
What is the units digit of 2877?
7
What is the tens digit of 2585640?
4
What is the hundreds digit of 20069619?
6
What is the thousands digit of 2299188?
9
What is the ten thousands digit of 842782?
4
What is the hundred thousands digit of 133842?
1
What is the millions digit of 15668022?
5
What is the tens digit of 1398680?
8
What is the tens digit of 140787?
8
What is the units digit of 1049123?
3
What is the hundreds digit of 2912151?
1
What is the units digit of 24875282?
2
What is the ten millions digit of 22948094?
2
What is the hundreds digit of 16922073?
0
What is the units digit of 4524737?
7
What is the hundreds digit of 2444499?
4
What is the ten thousands digit of 304518?
0
What is the units digit of 40592?
2
What is the hundreds digit of 59231?
2
What is the tens digit of 211736?
3
What is the hundred thousands digit of 127426?
1
What is the units digit of 5734316?
6
What is the thousands digit of 31036?
1
What is the thousands digit of 141834?
1
What is the hundred thousands digit of 664646?
6
What is the hundred thousands digit of 378278?
3
What is the units digit of 2096378?
8
What is the tens digit of 798610?
1
What is the units digit of 1571986?
6
What is the tens digit of 2253925?
2
What is the units digit of 213194?
4
What is the hundreds digit of 263877?
8
What is the ten thousands digit of 1851087?
5
What is the hundreds digit of 5512968?
9
What is the millions digit of 2410956?
2
What is the tens digit of 21351?
5
What is the thousands digit of 100444?
0
What is the thousands digit of 18653?
8
What is the tens digit of 268183?
8
What is the hundred thousands digit of 234158?
2
What is the ten millions digit of 10806136?
1
What is the thousands digit of 351274?
1
What is the ten thousands digit of 367623?
6
What is the units digit of 15231456?
6
What is the thousands digit of 5383029?
3
What is the hundred thousands digit of 8879078?
8
What is the hundred thousands digit of 7298613?
2
What is the hundred thousands digit of 315734?
3
What is the thousands digit of 14734595?
4
What is the ten thousands digit of 28582122?
8
What is the ten millions digit of 26332187?
2
What is the tens digit of 12198916?
1
What is the units digit of 4702121?
1
What is the millions digit of 1270617?
1
What is the hundreds digit of 132782?
7
What is the thousands digit of 175536?
5
What is the ten thousands digit of 48118?
4
What is the thousands digit of 22299521?
9
What is the hundreds digit of 10496060?
0
What is the hundreds digit of 35812895?
8
What is the ten thousands digit of 256561?
5
What is the tens digit of 5513154?
5
What is the thousands digit of 105044?
5
What is the thousands digit of 8893880?
3
What is the millions digit of 2182737?
2
What is the hundred thousands digit of 20452186?
4
What is the hundred thousands digit of 9936139?
9
What is the units digit of 6679416?
6
What is the hundred thousands digit of 743407?
7
What is the thousands digit of 242875?
2
What is the thousands digit of 1758260?
8
What is the ten thousands digit of 871695?
7
What is the units digit 